{"id":547,"date":"2022-08-07T21:29:59","date_gmt":"2022-08-07T21:29:59","guid":{"rendered":"https:\/\/100fronteira.com.br\/fetramig\/?post_type=product&#038;p=547"},"modified":"2022-11-03T17:07:30","modified_gmt":"2022-11-03T17:07:30","slug":"emprestimo-consignado-3","status":"publish","type":"product","link":"https:\/\/100fronteira.com.br\/fetramig\/produto\/emprestimo-consignado-3\/","title":{"rendered":"Empr\u00e9stimo consignado."},"content":{"rendered":"","protected":false},"excerpt":{"rendered":"<h2 class=\"x_gmail-content__title x_gmail-tp1--headline2 x_gmail-tp1-desk--headline2\"><span style=\"font-size: small;\">O que \u00e9 empr\u00e9stimo consignado?<\/span><\/h2>\n<div class=\"x_gmail-content__text\">\n<p class=\"x_gmail-tp1--body1 x_gmail-tp1-desk--body1\">\u00c9 um empr\u00e9stimo pra\u00a0<strong>aposentados, pensionistas do INSS e servidores p\u00fablicos<\/strong>\u00a0com taxas de juros mais baixas e desconto em folha de pagamento<\/p>\n<\/div>\n<p><strong>Vantagens desse empr\u00e9stimo:\u00a0<\/strong><\/p>\n<ul>\n<li>Juros Reduzidos<\/li>\n<li>Desconto em folha de pagamento<\/li>\n<li>Pagamento em at\u00e9 84 parcelas fixas<\/li>\n<li>Sem anuidade para o cart\u00e3o titular<\/li>\n<li>Aceito em compras nacionais e internacionais<\/li>\n<li>Taxa de juros menores que cart\u00f5es de cr\u00e9dito convencionais<\/li>\n<\/ul>\n","protected":false},"featured_media":501,"comment_status":"open","ping_status":"closed","template":"","meta":{"_eb_attr":"","_crdt_document":"","_uag_custom_page_level_css":"","site-sidebar-layout":"default","site-content-layout":"default","ast-global-header-display":"","ast-main-header-display":"","ast-hfb-above-header-display":"","ast-hfb-below-header-display":"","ast-hfb-mobile-header-display":"","site-post-title":"","ast-breadcrumbs-content":"","ast-featured-img":"","footer-sml-layout":"","theme-transparent-header-meta":"default","adv-header-id-meta":"","stick-header-meta":"","header-above-stick-meta":"","header-main-stick-meta":"","header-below-stick-meta":""},"product_brand":[],"product_cat":[34],"product_tag":[],"class_list":{"0":"post-547","1":"product","2":"type-product","3":"status-publish","4":"has-post-thumbnail","6":"product_cat-credito","7":"desktop-align-left","8":"tablet-align-left","9":"mobile-align-left","11":"first","12":"instock","13":"shipping-taxable","14":"product-type-external"},"uagb_featured_image_src":{"full":["https:\/\/100fronteira.com.br\/fetramig\/wp-content\/uploads\/2022\/08\/CONSIGINADO-BMG.png",800,800,false],"thumbnail":["https:\/\/100fronteira.com.br\/fetramig\/wp-content\/uploads\/2022\/08\/CONSIGINADO-BMG-150x150.png",150,150,true],"medium":["https:\/\/100fronteira.com.br\/fetramig\/wp-content\/uploads\/2022\/08\/CONSIGINADO-BMG-300x300.png",300,300,true],"medium_large":["https:\/\/100fronteira.com.br\/fetramig\/wp-content\/uploads\/2022\/08\/CONSIGINADO-BMG-768x768.png",768,768,true],"large":["https:\/\/100fronteira.com.br\/fetramig\/wp-content\/uploads\/2022\/08\/CONSIGINADO-BMG.png",800,800,false],"1536x1536":["https:\/\/100fronteira.com.br\/fetramig\/wp-content\/uploads\/2022\/08\/CONSIGINADO-BMG.png",800,800,false],"2048x2048":["https:\/\/100fronteira.com.br\/fetramig\/wp-content\/uploads\/2022\/08\/CONSIGINADO-BMG.png",800,800,false],"woocommerce_thumbnail":["https:\/\/100fronteira.com.br\/fetramig\/wp-content\/uploads\/2022\/08\/CONSIGINADO-BMG-300x300.png",300,300,true],"woocommerce_single":["https:\/\/100fronteira.com.br\/fetramig\/wp-content\/uploads\/2022\/08\/CONSIGINADO-BMG.png",800,800,false],"woocommerce_gallery_thumbnail":["https:\/\/100fronteira.com.br\/fetramig\/wp-content\/uploads\/2022\/08\/CONSIGINADO-BMG-100x100.png",100,100,true]},"uagb_author_info":{"display_name":"admin","author_link":"https:\/\/100fronteira.com.br\/fetramig\/author\/"},"uagb_comment_info":0,"uagb_excerpt":"O que \u00e9 empr\u00e9stimo consignado? \u00c9 um empr\u00e9stimo pra\u00a0aposentados, pensionistas do INSS e servidores p\u00fablicos\u00a0com taxas de juros mais baixas e desconto em folha de pagamento Vantagens desse empr\u00e9stimo:\u00a0 Juros Reduzidos Desconto em folha de pagamento Pagamento em at\u00e9 84 parcelas fixas Sem anuidade para o cart\u00e3o titular Aceito em compras nacionais e internacionais Taxa&hellip;","jetpack_sharing_enabled":true,"_links":{"self":[{"href":"https:\/\/100fronteira.com.br\/fetramig\/wp-json\/wp\/v2\/product\/547","targetHints":{"allow":["GET"]}}],"collection":[{"href":"https:\/\/100fronteira.com.br\/fetramig\/wp-json\/wp\/v2\/product"}],"about":[{"href":"https:\/\/100fronteira.com.br\/fetramig\/wp-json\/wp\/v2\/types\/product"}],"replies":[{"embeddable":true,"href":"https:\/\/100fronteira.com.br\/fetramig\/wp-json\/wp\/v2\/comments?post=547"}],"wp:featuredmedia":[{"embeddable":true,"href":"https:\/\/100fronteira.com.br\/fetramig\/wp-json\/wp\/v2\/media\/501"}],"wp:attachment":[{"href":"https:\/\/100fronteira.com.br\/fetramig\/wp-json\/wp\/v2\/media?parent=547"}],"wp:term":[{"taxonomy":"product_brand","embeddable":true,"href":"https:\/\/100fronteira.com.br\/fetramig\/wp-json\/wp\/v2\/product_brand?post=547"},{"taxonomy":"product_cat","embeddable":true,"href":"https:\/\/100fronteira.com.br\/fetramig\/wp-json\/wp\/v2\/product_cat?post=547"},{"taxonomy":"product_tag","embeddable":true,"href":"https:\/\/100fronteira.com.br\/fetramig\/wp-json\/wp\/v2\/product_tag?post=547"}],"curies":[{"name":"wp","href":"https:\/\/api.w.org\/{rel}","templated":true}]}}