{"id":557,"date":"2022-10-14T19:25:24","date_gmt":"2022-10-14T19:25:24","guid":{"rendered":"https:\/\/100fronteira.com.br\/fetramig\/?post_type=product&#038;p=557"},"modified":"2022-10-26T17:13:20","modified_gmt":"2022-10-26T17:13:20","slug":"gestao-contabil-solucoes-empresariais-quatro","status":"publish","type":"product","link":"https:\/\/100fronteira.com.br\/fetramig\/produto\/gestao-contabil-solucoes-empresariais-quatro\/","title":{"rendered":"Gest\u00e3o cont\u00e1bil &#038; Solu\u00e7\u00f5es Empresariais &#8211; Quatro"},"content":{"rendered":"<div class=\"elementor-background-overlay\">\n<div class=\"elementor-element elementor-element-7b954f81 elementor-widget elementor-widget-elementskit-heading\" data-id=\"7b954f81\" data-element_type=\"widget\" data-widget_type=\"elementskit-heading.default\">\n<div class=\"elementor-widget-container\">\n<div class=\"ekit-wid-con\">\n<div class=\"ekit-heading elementskit-section-title-wraper text_left ekit_heading_tablet-text_center ekit_heading_mobile-text_center\">\n<h3 class=\"ekit-heading--title elementskit-section-title \">Contabilidade de Resultados, feita para voc\u00ea!<\/h3>\n<\/div>\n<\/div>\n<\/div>\n<\/div>\n<div class=\"elementor-element elementor-element-2e695526 elementor-widget elementor-widget-text-editor\" data-id=\"2e695526\" data-element_type=\"widget\" data-widget_type=\"text-editor.default\">\n<div class=\"elementor-widget-container\">\n<p>A Quatro Gest\u00e3o \u00e9 uma contabilidade que vai muito al\u00e9m do basic\u00e3o e do que as outras oferecem.<\/p>\n<p>Trabalhamos em parceria com nossos clientes para dirimir os custos fisais e criar uma m\u00e1quina de crescimento escal\u00e1vel.<\/p>\n<div>\n<ul type=\"disc\">\n<li>Abrimos sua empresa no menor tempo poss\u00edvel e sem custo inicial para a abertura.*<\/li>\n<li>Analisamos todas as op\u00e7\u00f5es para voc\u00ea pagar o m\u00ednimo de tributos.<\/li>\n<li>Processo realizado totalmente online atrav\u00e9s de nossos sistemas virtuais de atendimento e documenta\u00e7\u00e3o.<\/li>\n<\/ul>\n<\/div>\n<div>\n<p aria-hidden=\"true\">\n<\/div>\n<div>\n<div>\n<div>\n<h5 align=\"center\"><a href=\"https:\/\/quatrogestao.com.br\/\" target=\"_blank\" rel=\"noopener noreferrer\" data-auth=\"NotApplicable\" data-safelink=\"true\" data-linkindex=\"4\">Gest\u00e3o Fiscal Eficiente<\/a><\/h5>\n<h5 align=\"center\">&#8220;3\u00b0setor&#8221;<\/h5>\n<\/div>\n<\/div>\n<div>\n<p align=\"center\">Para Prote\u00e7\u00f5es veiculares, ONG\u2019s, Sindicatos e federa\u00e7\u00f5es, funda\u00e7\u00f5es e partidos pol\u00edticos.<\/p>\n<p align=\"center\"><b>A SUA CONTABILIDADE &#8220;SIMPLES<\/b><b>\u00a0<\/b><b>NACIONAL&#8221;<\/b><\/p>\n<p align=\"center\">Para empresas optantes pelo sistema\u00a0\u00a0Simples Nacional para Presta\u00e7\u00e3o de Servi\u00e7os e Com\u00e9rcio.<\/p>\n<p align=\"center\"><b>LUCRO PRESUMIDO &#8220;CONTABILIDADE AGIL&#8221;<\/b><\/p>\n<p align=\"center\">Contabilidade \u00c1gil para empresas de Presta\u00e7\u00e3o se Servi\u00e7os e comercio para ela n\u00e3o parar de crescer.<\/p>\n<p align=\"center\"><b>MAIS CONTROLE<\/b><b>\u00a0\u00a0<\/b><b>&#8220;LUCRO REAL&#8221;<\/b><\/p>\n<p align=\"center\">Contabilidade estrat\u00e9gica para empresas em franco desenvolvimento e que buscam efici\u00eancia Cont\u00e1bil.<\/p>\n<\/div>\n<\/div>\n<\/div>\n<\/div>\n<\/div>\n","protected":false},"excerpt":{"rendered":"<section class=\"elementor-section elementor-inner-section elementor-element elementor-element-103f056 elementor-section-height-min-height elementor-section-boxed elementor-section-height-default\" data-id=\"103f056\" data-element_type=\"section\">\n<div class=\"elementor-container elementor-column-gap-no\">\n<div class=\"elementor-column elementor-col-50 elementor-inner-column elementor-element elementor-element-6c732de\" data-id=\"6c732de\" data-element_type=\"column\">\n<div class=\"elementor-widget-wrap elementor-element-populated\">\n<div class=\"elementor-element elementor-element-70f4565 elementor-widget elementor-widget-heading\" data-id=\"70f4565\" data-element_type=\"widget\" data-widget_type=\"heading.default\">\n<div class=\"elementor-widget-container\">\n<h2 class=\"elementor-heading-title elementor-size-default\"><span style=\"font-size: 16px;\">Vai abrir uma empresa ou precisa de Gest\u00e3o cont\u00e1bil? Est\u00e1 no lugar certo!<\/span><\/h2>\n<\/div>\n<\/div>\n<\/div>\n<\/div>\n<\/div>\n<\/section>\n","protected":false},"featured_media":559,"comment_status":"open","ping_status":"closed","template":"","meta":{"_eb_attr":"","_crdt_document":"","_uag_custom_page_level_css":"","site-sidebar-layout":"default","site-content-layout":"default","ast-global-header-display":"","ast-main-header-display":"","ast-hfb-above-header-display":"","ast-hfb-below-header-display":"","ast-hfb-mobile-header-display":"","site-post-title":"","ast-breadcrumbs-content":"","ast-featured-img":"","footer-sml-layout":"","theme-transparent-header-meta":"default","adv-header-id-meta":"","stick-header-meta":"","header-above-stick-meta":"","header-main-stick-meta":"","header-below-stick-meta":""},"product_brand":[],"product_cat":[36],"product_tag":[],"class_list":{"0":"post-557","1":"product","2":"type-product","3":"status-publish","4":"has-post-thumbnail","6":"product_cat-servicos","7":"desktop-align-left","8":"tablet-align-left","9":"mobile-align-left","11":"first","12":"instock","13":"shipping-taxable","14":"product-type-external"},"uagb_featured_image_src":{"full":["https:\/\/100fronteira.com.br\/fetramig\/wp-content\/uploads\/2022\/10\/quatro.png",800,800,false],"thumbnail":["https:\/\/100fronteira.com.br\/fetramig\/wp-content\/uploads\/2022\/10\/quatro-150x150.png",150,150,true],"medium":["https:\/\/100fronteira.com.br\/fetramig\/wp-content\/uploads\/2022\/10\/quatro-300x300.png",300,300,true],"medium_large":["https:\/\/100fronteira.com.br\/fetramig\/wp-content\/uploads\/2022\/10\/quatro-768x768.png",768,768,true],"large":["https:\/\/100fronteira.com.br\/fetramig\/wp-content\/uploads\/2022\/10\/quatro.png",800,800,false],"1536x1536":["https:\/\/100fronteira.com.br\/fetramig\/wp-content\/uploads\/2022\/10\/quatro.png",800,800,false],"2048x2048":["https:\/\/100fronteira.com.br\/fetramig\/wp-content\/uploads\/2022\/10\/quatro.png",800,800,false],"woocommerce_thumbnail":["https:\/\/100fronteira.com.br\/fetramig\/wp-content\/uploads\/2022\/10\/quatro-300x300.png",300,300,true],"woocommerce_single":["https:\/\/100fronteira.com.br\/fetramig\/wp-content\/uploads\/2022\/10\/quatro.png",800,800,false],"woocommerce_gallery_thumbnail":["https:\/\/100fronteira.com.br\/fetramig\/wp-content\/uploads\/2022\/10\/quatro-100x100.png",100,100,true]},"uagb_author_info":{"display_name":"gustavomleao99","author_link":"https:\/\/100fronteira.com.br\/fetramig\/author\/"},"uagb_comment_info":0,"uagb_excerpt":"Vai abrir uma empresa ou precisa de Gest\u00e3o cont\u00e1bil? Est\u00e1 no lugar certo!","jetpack_sharing_enabled":true,"_links":{"self":[{"href":"https:\/\/100fronteira.com.br\/fetramig\/wp-json\/wp\/v2\/product\/557","targetHints":{"allow":["GET"]}}],"collection":[{"href":"https:\/\/100fronteira.com.br\/fetramig\/wp-json\/wp\/v2\/product"}],"about":[{"href":"https:\/\/100fronteira.com.br\/fetramig\/wp-json\/wp\/v2\/types\/product"}],"replies":[{"embeddable":true,"href":"https:\/\/100fronteira.com.br\/fetramig\/wp-json\/wp\/v2\/comments?post=557"}],"wp:featuredmedia":[{"embeddable":true,"href":"https:\/\/100fronteira.com.br\/fetramig\/wp-json\/wp\/v2\/media\/559"}],"wp:attachment":[{"href":"https:\/\/100fronteira.com.br\/fetramig\/wp-json\/wp\/v2\/media?parent=557"}],"wp:term":[{"taxonomy":"product_brand","embeddable":true,"href":"https:\/\/100fronteira.com.br\/fetramig\/wp-json\/wp\/v2\/product_brand?post=557"},{"taxonomy":"product_cat","embeddable":true,"href":"https:\/\/100fronteira.com.br\/fetramig\/wp-json\/wp\/v2\/product_cat?post=557"},{"taxonomy":"product_tag","embeddable":true,"href":"https:\/\/100fronteira.com.br\/fetramig\/wp-json\/wp\/v2\/product_tag?post=557"}],"curies":[{"name":"wp","href":"https:\/\/api.w.org\/{rel}","templated":true}]}}