{"id":642,"date":"2022-11-04T16:18:40","date_gmt":"2022-11-04T16:18:40","guid":{"rendered":"https:\/\/100fronteira.com.br\/fetramig\/?post_type=product&#038;p=642"},"modified":"2022-11-21T17:01:39","modified_gmt":"2022-11-21T17:01:39","slug":"kit-distribuicao-iniciante-glok","status":"publish","type":"product","link":"https:\/\/100fronteira.com.br\/fetramig\/produto\/kit-distribuicao-iniciante-glok\/","title":{"rendered":"Kit Distribui\u00e7\u00e3o Iniciante &#8211; Glok Sistemas"},"content":{"rendered":"<p>Pacote de viagens:<\/p>\n<ul>\n<li>R$3,00 at\u00e9 500 viagens<\/li>\n<li>R$2,80 de 501 at\u00e9 1000 viagens<\/li>\n<li>R$2,60 de 1001 at\u00e9 2000 viagens<\/li>\n<li>R$2,40 de 2001 viagens at\u00e9 6000 viagens<\/li>\n<li>R$2,00 acima de 6001 viagens<\/li>\n<\/ul>\n","protected":false},"excerpt":{"rendered":"<p>Neste pacote de software est\u00e1 incluso os seguintes softwares :<\/p>\n<ul>\n<li><a href=\"https:\/\/glok.com.br\/gestao-logistico\/\">Gest\u00e3o de Entregas<\/a><\/li>\n<li><a href=\"https:\/\/glok.com.br\/gestor-de-anomalias\/\">Gest\u00e3o de Anomalias<\/a><\/li>\n<li><a href=\"https:\/\/glok.com.br\/gestao-de-temperatura\/\">Temperatura<\/a><\/li>\n<li>Aplicativo Na Estrada<\/li>\n<\/ul>\n<p><strong>Clique nos nomes dos softwares acima e conhe\u00e7a um pouco mais sobre cada um!<\/strong><\/p>\n<p>O pacote iniciante est\u00e1 incluso at\u00e9 30 usu\u00e1rios<\/p>\n<p>&nbsp;<\/p>\n","protected":false},"featured_media":644,"comment_status":"open","ping_status":"closed","template":"","meta":{"_eb_attr":"","_crdt_document":"","_uag_custom_page_level_css":"","site-sidebar-layout":"default","site-content-layout":"default","ast-global-header-display":"","ast-main-header-display":"","ast-hfb-above-header-display":"","ast-hfb-below-header-display":"","ast-hfb-mobile-header-display":"","site-post-title":"","ast-breadcrumbs-content":"","ast-featured-img":"","footer-sml-layout":"","theme-transparent-header-meta":"default","adv-header-id-meta":"","stick-header-meta":"","header-above-stick-meta":"","header-main-stick-meta":"","header-below-stick-meta":""},"product_brand":[],"product_cat":[38],"product_tag":[],"class_list":{"0":"post-642","1":"product","2":"type-product","3":"status-publish","4":"has-post-thumbnail","6":"product_cat-sem-categoria","7":"desktop-align-left","8":"tablet-align-left","9":"mobile-align-left","11":"first","12":"instock","13":"shipping-taxable","14":"purchasable","15":"product-type-simple"},"uagb_featured_image_src":{"full":["https:\/\/100fronteira.com.br\/fetramig\/wp-content\/uploads\/2022\/11\/Kit-Distribuicao-Iniciante.jpg",800,800,false],"thumbnail":["https:\/\/100fronteira.com.br\/fetramig\/wp-content\/uploads\/2022\/11\/Kit-Distribuicao-Iniciante-150x150.jpg",150,150,true],"medium":["https:\/\/100fronteira.com.br\/fetramig\/wp-content\/uploads\/2022\/11\/Kit-Distribuicao-Iniciante-300x300.jpg",300,300,true],"medium_large":["https:\/\/100fronteira.com.br\/fetramig\/wp-content\/uploads\/2022\/11\/Kit-Distribuicao-Iniciante-768x768.jpg",768,768,true],"large":["https:\/\/100fronteira.com.br\/fetramig\/wp-content\/uploads\/2022\/11\/Kit-Distribuicao-Iniciante.jpg",800,800,false],"1536x1536":["https:\/\/100fronteira.com.br\/fetramig\/wp-content\/uploads\/2022\/11\/Kit-Distribuicao-Iniciante.jpg",800,800,false],"2048x2048":["https:\/\/100fronteira.com.br\/fetramig\/wp-content\/uploads\/2022\/11\/Kit-Distribuicao-Iniciante.jpg",800,800,false],"woocommerce_thumbnail":["https:\/\/100fronteira.com.br\/fetramig\/wp-content\/uploads\/2022\/11\/Kit-Distribuicao-Iniciante-300x300.jpg",300,300,true],"woocommerce_single":["https:\/\/100fronteira.com.br\/fetramig\/wp-content\/uploads\/2022\/11\/Kit-Distribuicao-Iniciante.jpg",800,800,false],"woocommerce_gallery_thumbnail":["https:\/\/100fronteira.com.br\/fetramig\/wp-content\/uploads\/2022\/11\/Kit-Distribuicao-Iniciante-100x100.jpg",100,100,true]},"uagb_author_info":{"display_name":"gustavomleao99","author_link":"https:\/\/100fronteira.com.br\/fetramig\/author\/"},"uagb_comment_info":0,"uagb_excerpt":"Neste pacote de software est\u00e1 incluso os seguintes softwares : Gest\u00e3o de Entregas Gest\u00e3o de Anomalias Temperatura Aplicativo Na Estrada Clique nos nomes dos softwares acima e conhe\u00e7a um pouco mais sobre cada um! O pacote iniciante est\u00e1 incluso at\u00e9 30 usu\u00e1rios &nbsp;","jetpack_sharing_enabled":true,"_links":{"self":[{"href":"https:\/\/100fronteira.com.br\/fetramig\/wp-json\/wp\/v2\/product\/642","targetHints":{"allow":["GET"]}}],"collection":[{"href":"https:\/\/100fronteira.com.br\/fetramig\/wp-json\/wp\/v2\/product"}],"about":[{"href":"https:\/\/100fronteira.com.br\/fetramig\/wp-json\/wp\/v2\/types\/product"}],"replies":[{"embeddable":true,"href":"https:\/\/100fronteira.com.br\/fetramig\/wp-json\/wp\/v2\/comments?post=642"}],"wp:featuredmedia":[{"embeddable":true,"href":"https:\/\/100fronteira.com.br\/fetramig\/wp-json\/wp\/v2\/media\/644"}],"wp:attachment":[{"href":"https:\/\/100fronteira.com.br\/fetramig\/wp-json\/wp\/v2\/media?parent=642"}],"wp:term":[{"taxonomy":"product_brand","embeddable":true,"href":"https:\/\/100fronteira.com.br\/fetramig\/wp-json\/wp\/v2\/product_brand?post=642"},{"taxonomy":"product_cat","embeddable":true,"href":"https:\/\/100fronteira.com.br\/fetramig\/wp-json\/wp\/v2\/product_cat?post=642"},{"taxonomy":"product_tag","embeddable":true,"href":"https:\/\/100fronteira.com.br\/fetramig\/wp-json\/wp\/v2\/product_tag?post=642"}],"curies":[{"name":"wp","href":"https:\/\/api.w.org\/{rel}","templated":true}]}}