{"id":550,"date":"2022-11-22T18:26:38","date_gmt":"2022-11-22T18:26:38","guid":{"rendered":"https:\/\/100fronteira.com.br\/imbilog\/?post_type=product&#038;p=550"},"modified":"2022-11-22T18:26:41","modified_gmt":"2022-11-22T18:26:41","slug":"localizador-gps-positron","status":"publish","type":"product","link":"https:\/\/100fronteira.com.br\/imbilog\/produto\/localizador-gps-positron\/","title":{"rendered":"Localizador GPS &#8211; Positron"},"content":{"rendered":"<div>\n<h2>36x<\/h2>\n<h3>R$ 78,73<\/h3>\n<\/div>\n<p>&nbsp;<\/p>\n<div>\n<h2>48x<\/h2>\n<h3>R$ 75,29<\/h3>\n<\/div>\n","protected":false},"excerpt":{"rendered":"<div id=\"rd-text-l4y86krl\" class=\"bricks--component bricks--component-text rd-text\">\n<h2><\/h2>\n<h2>Seu caminh\u00e3o mais seguro!<\/h2>\n<\/div>\n<div id=\"rd-text-l4y86fuy\" class=\"bricks--component bricks--component-text rd-text\">\n<ul>\n<li>Localiza\u00e7\u00e3o GPS. (Antena Interna)<\/li>\n<li>Visualiza\u00e7\u00e3o via Portal P\u00f3sitron.<\/li>\n<li>Ativa\u00e7\u00e3o de 10 Pontos de controle e 1 Cerca eletr\u00f4nica.<\/li>\n<\/ul>\n<\/div>\n","protected":false},"featured_media":580,"comment_status":"open","ping_status":"closed","template":"","meta":{"_eb_attr":"","_uag_custom_page_level_css":"","site-sidebar-layout":"","site-content-layout":"","ast-global-header-display":"","ast-main-header-display":"","ast-hfb-above-header-display":"","ast-hfb-below-header-display":"","ast-hfb-mobile-header-display":"","site-post-title":"","ast-breadcrumbs-content":"","ast-featured-img":"","footer-sml-layout":"","theme-transparent-header-meta":"","adv-header-id-meta":"","stick-header-meta":"","header-above-stick-meta":"","header-main-stick-meta":"","header-below-stick-meta":""},"product_brand":[],"product_cat":[25,16],"product_tag":[],"class_list":{"0":"post-550","1":"product","2":"type-product","3":"status-publish","4":"has-post-thumbnail","6":"product_cat-equipamentos","7":"product_cat-logistica","9":"first","10":"instock","11":"shipping-taxable","12":"product-type-simple"},"uagb_featured_image_src":{"full":["https:\/\/100fronteira.com.br\/imbilog\/wp-content\/uploads\/2022\/11\/solucao1.png",403,392,false],"thumbnail":["https:\/\/100fronteira.com.br\/imbilog\/wp-content\/uploads\/2022\/11\/solucao1-150x150.png",150,150,true],"medium":["https:\/\/100fronteira.com.br\/imbilog\/wp-content\/uploads\/2022\/11\/solucao1-300x292.png",300,292,true],"medium_large":["https:\/\/100fronteira.com.br\/imbilog\/wp-content\/uploads\/2022\/11\/solucao1.png",403,392,false],"large":["https:\/\/100fronteira.com.br\/imbilog\/wp-content\/uploads\/2022\/11\/solucao1.png",403,392,false],"1536x1536":["https:\/\/100fronteira.com.br\/imbilog\/wp-content\/uploads\/2022\/11\/solucao1.png",403,392,false],"2048x2048":["https:\/\/100fronteira.com.br\/imbilog\/wp-content\/uploads\/2022\/11\/solucao1.png",403,392,false],"woocommerce_thumbnail":["https:\/\/100fronteira.com.br\/imbilog\/wp-content\/uploads\/2022\/11\/solucao1-300x300.png",300,300,true],"woocommerce_single":["https:\/\/100fronteira.com.br\/imbilog\/wp-content\/uploads\/2022\/11\/solucao1.png",403,392,false],"woocommerce_gallery_thumbnail":["https:\/\/100fronteira.com.br\/imbilog\/wp-content\/uploads\/2022\/11\/solucao1-100x100.png",100,100,true]},"uagb_author_info":{"display_name":"admin","author_link":"https:\/\/100fronteira.com.br\/imbilog\/author\/"},"uagb_comment_info":0,"uagb_excerpt":"Seu caminh\u00e3o mais seguro! Localiza\u00e7\u00e3o GPS. (Antena Interna) Visualiza\u00e7\u00e3o via Portal P\u00f3sitron. Ativa\u00e7\u00e3o de 10 Pontos de controle e 1 Cerca eletr\u00f4nica.","jetpack_sharing_enabled":true,"_links":{"self":[{"href":"https:\/\/100fronteira.com.br\/imbilog\/wp-json\/wp\/v2\/product\/550","targetHints":{"allow":["GET"]}}],"collection":[{"href":"https:\/\/100fronteira.com.br\/imbilog\/wp-json\/wp\/v2\/product"}],"about":[{"href":"https:\/\/100fronteira.com.br\/imbilog\/wp-json\/wp\/v2\/types\/product"}],"replies":[{"embeddable":true,"href":"https:\/\/100fronteira.com.br\/imbilog\/wp-json\/wp\/v2\/comments?post=550"}],"wp:featuredmedia":[{"embeddable":true,"href":"https:\/\/100fronteira.com.br\/imbilog\/wp-json\/wp\/v2\/media\/580"}],"wp:attachment":[{"href":"https:\/\/100fronteira.com.br\/imbilog\/wp-json\/wp\/v2\/media?parent=550"}],"wp:term":[{"taxonomy":"product_brand","embeddable":true,"href":"https:\/\/100fronteira.com.br\/imbilog\/wp-json\/wp\/v2\/product_brand?post=550"},{"taxonomy":"product_cat","embeddable":true,"href":"https:\/\/100fronteira.com.br\/imbilog\/wp-json\/wp\/v2\/product_cat?post=550"},{"taxonomy":"product_tag","embeddable":true,"href":"https:\/\/100fronteira.com.br\/imbilog\/wp-json\/wp\/v2\/product_tag?post=550"}],"curies":[{"name":"wp","href":"https:\/\/api.w.org\/{rel}","templated":true}]}}