{"id":569,"date":"2022-11-22T18:26:40","date_gmt":"2022-11-22T18:26:40","guid":{"rendered":"https:\/\/100fronteira.com.br\/imbilog\/?post_type=product&#038;p=569"},"modified":"2022-11-22T18:27:56","modified_gmt":"2022-11-22T18:27:56","slug":"jornada-do-motorista-omnidata","status":"publish","type":"product","link":"https:\/\/100fronteira.com.br\/imbilog\/produto\/jornada-do-motorista-omnidata\/","title":{"rendered":"Jornada do Motorista &#8211; Omnidata"},"content":{"rendered":"<p class=\"has-small-font-size\">Controlar a jornada do motorista \u00e9 um dos maiores desafios da gest\u00e3o de log\u00edstica de transportes. Por isso, criamos uma solu\u00e7\u00e3o que simplifica este processo, atrav\u00e9s de um aplicativo para Android. O maior diferencial do nosso software de controle de jornada \u00e9 seu menu contextualizado, que reduz horas extras e inconsist\u00eancias no registro de horas trabalhadas.<\/p>\n<p class=\"has-small-font-size\">Nosso sistema \u00e9 completamente aderente \u00e0 Lei n.\u00ba 13.103\/15 (Lei do Motorista), que estabelece per\u00edodos obrigat\u00f3rios de espera, refei\u00e7\u00e3o e descanso dos profissionais. Cada um desses registros \u00e9 feito de forma precisa pelo nosso aplicativo de controle de jornada do motorista, juntamente com o controle do tempo de condu\u00e7\u00e3o.<\/p>\n","protected":false},"excerpt":{"rendered":"<p>O controle da jornada de motoristas para transportadoras de cargas.<\/p>\n<p><a href=\"https:\/\/www.youtube.com\/watch?v=ZOpFexcSEtE\">Assista o v\u00eddeo das nossas solu\u00e7\u00f5es!<\/a><\/p>\n","protected":false},"featured_media":607,"comment_status":"open","ping_status":"closed","template":"","meta":{"_eb_attr":"","_uag_custom_page_level_css":"","site-sidebar-layout":"default","site-content-layout":"default","ast-global-header-display":"","ast-main-header-display":"","ast-hfb-above-header-display":"","ast-hfb-below-header-display":"","ast-hfb-mobile-header-display":"","site-post-title":"","ast-breadcrumbs-content":"","ast-featured-img":"","footer-sml-layout":"","theme-transparent-header-meta":"default","adv-header-id-meta":"","stick-header-meta":"","header-above-stick-meta":"","header-main-stick-meta":"","header-below-stick-meta":""},"product_brand":[],"product_cat":[18],"product_tag":[],"class_list":{"0":"post-569","1":"product","2":"type-product","3":"status-publish","4":"has-post-thumbnail","6":"product_cat-software","8":"first","9":"instock","10":"shipping-taxable","11":"product-type-external"},"uagb_featured_image_src":{"full":["https:\/\/100fronteira.com.br\/imbilog\/wp-content\/uploads\/2022\/11\/jornada-do-motorista.png",800,800,false],"thumbnail":["https:\/\/100fronteira.com.br\/imbilog\/wp-content\/uploads\/2022\/11\/jornada-do-motorista-150x150.png",150,150,true],"medium":["https:\/\/100fronteira.com.br\/imbilog\/wp-content\/uploads\/2022\/11\/jornada-do-motorista-300x300.png",300,300,true],"medium_large":["https:\/\/100fronteira.com.br\/imbilog\/wp-content\/uploads\/2022\/11\/jornada-do-motorista-768x768.png",768,768,true],"large":["https:\/\/100fronteira.com.br\/imbilog\/wp-content\/uploads\/2022\/11\/jornada-do-motorista.png",800,800,false],"1536x1536":["https:\/\/100fronteira.com.br\/imbilog\/wp-content\/uploads\/2022\/11\/jornada-do-motorista.png",800,800,false],"2048x2048":["https:\/\/100fronteira.com.br\/imbilog\/wp-content\/uploads\/2022\/11\/jornada-do-motorista.png",800,800,false],"woocommerce_thumbnail":["https:\/\/100fronteira.com.br\/imbilog\/wp-content\/uploads\/2022\/11\/jornada-do-motorista-300x300.png",300,300,true],"woocommerce_single":["https:\/\/100fronteira.com.br\/imbilog\/wp-content\/uploads\/2022\/11\/jornada-do-motorista.png",800,800,false],"woocommerce_gallery_thumbnail":["https:\/\/100fronteira.com.br\/imbilog\/wp-content\/uploads\/2022\/11\/jornada-do-motorista-100x100.png",100,100,true]},"uagb_author_info":{"display_name":"admin","author_link":"https:\/\/100fronteira.com.br\/imbilog\/author\/"},"uagb_comment_info":0,"uagb_excerpt":"O controle da jornada de motoristas para transportadoras de cargas. Assista o v\u00eddeo das nossas solu\u00e7\u00f5es!","jetpack_sharing_enabled":true,"_links":{"self":[{"href":"https:\/\/100fronteira.com.br\/imbilog\/wp-json\/wp\/v2\/product\/569","targetHints":{"allow":["GET"]}}],"collection":[{"href":"https:\/\/100fronteira.com.br\/imbilog\/wp-json\/wp\/v2\/product"}],"about":[{"href":"https:\/\/100fronteira.com.br\/imbilog\/wp-json\/wp\/v2\/types\/product"}],"replies":[{"embeddable":true,"href":"https:\/\/100fronteira.com.br\/imbilog\/wp-json\/wp\/v2\/comments?post=569"}],"wp:featuredmedia":[{"embeddable":true,"href":"https:\/\/100fronteira.com.br\/imbilog\/wp-json\/wp\/v2\/media\/607"}],"wp:attachment":[{"href":"https:\/\/100fronteira.com.br\/imbilog\/wp-json\/wp\/v2\/media?parent=569"}],"wp:term":[{"taxonomy":"product_brand","embeddable":true,"href":"https:\/\/100fronteira.com.br\/imbilog\/wp-json\/wp\/v2\/product_brand?post=569"},{"taxonomy":"product_cat","embeddable":true,"href":"https:\/\/100fronteira.com.br\/imbilog\/wp-json\/wp\/v2\/product_cat?post=569"},{"taxonomy":"product_tag","embeddable":true,"href":"https:\/\/100fronteira.com.br\/imbilog\/wp-json\/wp\/v2\/product_tag?post=569"}],"curies":[{"name":"wp","href":"https:\/\/api.w.org\/{rel}","templated":true}]}}