{"id":577,"date":"2022-11-22T18:26:40","date_gmt":"2022-11-22T18:26:40","guid":{"rendered":"https:\/\/100fronteira.com.br\/imbilog\/?post_type=product&#038;p=577"},"modified":"2022-11-22T18:28:02","modified_gmt":"2022-11-22T18:28:02","slug":"collab-group-revisao-tributaria","status":"publish","type":"product","link":"https:\/\/100fronteira.com.br\/imbilog\/produto\/collab-group-revisao-tributaria\/","title":{"rendered":"Collab Group &#8211; Revis\u00e3o Tribut\u00e1ria"},"content":{"rendered":"<p style=\"text-align: center;\"><strong>Nosso Diferencial:\u00a0<\/strong><\/p>\n<p>Diante de um tema complexo e da necessidade de vistoriar e organizar um grande volume de documentos, o sistema foi desenvolvido para suprir a aus\u00eancia de dispositivos no mercado, sendo capaz de processar uma grande quantidade de informa\u00e7\u00f5es precisas, em um pequeno espa\u00e7o de tempo para apurar o valor final da restitui\u00e7\u00e3o do ICMS-ST.<\/p>\n<p>Desenvolvido por programadores, acompanhado de perto por peritos e advogados, o sistema trabalha atendendo as exig\u00eancias do Fisco, trazendo o valor presumido da compra e o valor efetivo da sa\u00edda efetuada, pronta para o ressarcimento do cr\u00e9dito sempre embasado nas decis\u00f5es dos Tribunais Superiores e nas legisla\u00e7\u00f5es estaduais.<\/p>\n<p style=\"text-align: center;\"><strong>Nosso Prop\u00f3sito:<\/strong><\/p>\n<p><strong><em>Recupera\u00e7\u00e3o do PIS e COFINS<\/em><\/strong><\/p>\n<p>Diante do RE 574706\/PR julgado em sede de repercuss\u00e3o geral pelo STF, abriu-se a possibilidade da restitui\u00e7\u00e3o do PIS e COFINS, uma vez que a suprema corte autorizou a exclus\u00e3o do ICMS das contribui\u00e7\u00f5es mencionadas acima.<\/p>\n<p><em><strong>Precis\u00e3o<\/strong><\/em><\/p>\n<p>Junto ao nosso sistema COLLAB REDUCE conseguimos oferecer maior efici\u00eancia e precis\u00e3o durante a apura\u00e7\u00e3o de cr\u00e9ditos. Os resultados s\u00e3o disponibilizados com clareza e compromisso.<\/p>\n<p><em><strong>COLLAB REDUCE<\/strong><\/em><\/p>\n<p>Nosso sistema trabalha efetivamente buscando no banco de dados fiscais da empresa nota a nota, dia a dia, produto por produto e exclus\u00e3o do ICMS para a apura\u00e7\u00e3o do PIS e COFINS (Sem limite de data)<\/p>\n<p><em><strong>Satisfa\u00e7\u00e3o garantida<\/strong><\/em><\/p>\n<p>Um dos nossos maiores diferenciais al\u00e9m da precis\u00e3o na busca de dados, \u00e9 tamb\u00e9m a rapidez na entrega satisfat\u00f3ria dos resultados.<\/p>\n","protected":false},"excerpt":{"rendered":"<div class=\"wWOJcd\" tabindex=\"0\" role=\"button\" aria-controls=\"exacc_8Q5gY5OjLrmK5OUPgo2I0AI_2\" aria-expanded=\"true\" aria-labelledby=\"exacc_8Q5gY5OjLrmK5OUPgo2I0AI_1\">\n<div id=\"exacc_8Q5gY5OjLrmK5OUPgo2I0AI_1\" class=\"iDjcJe IX9Lgd wwB5gf\" aria-hidden=\"true\">Como funciona a revis\u00e3o tribut\u00e1ria?<\/div>\n<div aria-hidden=\"true\"><\/div>\n<\/div>\n<div id=\"exacc_8Q5gY5OjLrmK5OUPgo2I0AI_2\" class=\"MBtdbb\" data-ved=\"2ahUKEwjT36Hgh4v7AhU5BbkGHYIGAioQ7NUEegQIUhAD\">\n<div class=\"ymu2Hb\">\n<div id=\"_8Q5gY5OjLrmK5OUPgo2I0AI_54\" class=\"t0bRye r2fjmd\" data-hveid=\"CFIQBA\" data-ved=\"2ahUKEwjT36Hgh4v7AhU5BbkGHYIGAioQu04oAHoECFIQBA\">\n<div id=\"8Q5gY5OjLrmK5OUPgo2I0AI__70\">\n<div class=\"wDYxhc\" data-md=\"61\">\n<div class=\"LGOjhe\" role=\"heading\" data-attrid=\"wa:\/description\" aria-level=\"3\" data-hveid=\"CFgQAA\"><span class=\"ILfuVd\" lang=\"pt\"><span class=\"hgKElc\">A\u00a0<b>revis\u00e3o tribut\u00e1ria \u00e9<\/b>\u00a0um sistema que garante o aproveitamento do benef\u00edcio oferecido pela Receita Federal de devolu\u00e7\u00e3o dos impostos pagos a mais. Toda empresa brasileira tem o direito de utilizar esse benef\u00edcio.<\/span><\/span><\/div>\n<\/div>\n<\/div>\n<\/div>\n<\/div>\n<\/div>\n","protected":false},"featured_media":615,"comment_status":"open","ping_status":"closed","template":"","meta":{"_eb_attr":"","_uag_custom_page_level_css":"","site-sidebar-layout":"default","site-content-layout":"default","ast-global-header-display":"","ast-main-header-display":"","ast-hfb-above-header-display":"","ast-hfb-below-header-display":"","ast-hfb-mobile-header-display":"","site-post-title":"","ast-breadcrumbs-content":"","ast-featured-img":"","footer-sml-layout":"","theme-transparent-header-meta":"default","adv-header-id-meta":"","stick-header-meta":"","header-above-stick-meta":"","header-main-stick-meta":"","header-below-stick-meta":""},"product_brand":[],"product_cat":[38],"product_tag":[],"class_list":{"0":"post-577","1":"product","2":"type-product","3":"status-publish","4":"has-post-thumbnail","6":"product_cat-servicos","8":"first","9":"instock","10":"shipping-taxable","11":"product-type-external"},"uagb_featured_image_src":{"full":["https:\/\/100fronteira.com.br\/imbilog\/wp-content\/uploads\/2022\/11\/seguro-transpo-4.jpg",800,800,false],"thumbnail":["https:\/\/100fronteira.com.br\/imbilog\/wp-content\/uploads\/2022\/11\/seguro-transpo-4-150x150.jpg",150,150,true],"medium":["https:\/\/100fronteira.com.br\/imbilog\/wp-content\/uploads\/2022\/11\/seguro-transpo-4-300x300.jpg",300,300,true],"medium_large":["https:\/\/100fronteira.com.br\/imbilog\/wp-content\/uploads\/2022\/11\/seguro-transpo-4-768x768.jpg",768,768,true],"large":["https:\/\/100fronteira.com.br\/imbilog\/wp-content\/uploads\/2022\/11\/seguro-transpo-4.jpg",800,800,false],"1536x1536":["https:\/\/100fronteira.com.br\/imbilog\/wp-content\/uploads\/2022\/11\/seguro-transpo-4.jpg",800,800,false],"2048x2048":["https:\/\/100fronteira.com.br\/imbilog\/wp-content\/uploads\/2022\/11\/seguro-transpo-4.jpg",800,800,false],"woocommerce_thumbnail":["https:\/\/100fronteira.com.br\/imbilog\/wp-content\/uploads\/2022\/11\/seguro-transpo-4-300x300.jpg",300,300,true],"woocommerce_single":["https:\/\/100fronteira.com.br\/imbilog\/wp-content\/uploads\/2022\/11\/seguro-transpo-4.jpg",800,800,false],"woocommerce_gallery_thumbnail":["https:\/\/100fronteira.com.br\/imbilog\/wp-content\/uploads\/2022\/11\/seguro-transpo-4-100x100.jpg",100,100,true]},"uagb_author_info":{"display_name":"admin","author_link":"https:\/\/100fronteira.com.br\/imbilog\/author\/"},"uagb_comment_info":0,"uagb_excerpt":"Como funciona a revis\u00e3o tribut\u00e1ria? A\u00a0revis\u00e3o tribut\u00e1ria \u00e9\u00a0um sistema que garante o aproveitamento do benef\u00edcio oferecido pela Receita Federal de devolu\u00e7\u00e3o dos impostos pagos a mais. Toda empresa brasileira tem o direito de utilizar esse benef\u00edcio.","jetpack_sharing_enabled":true,"_links":{"self":[{"href":"https:\/\/100fronteira.com.br\/imbilog\/wp-json\/wp\/v2\/product\/577","targetHints":{"allow":["GET"]}}],"collection":[{"href":"https:\/\/100fronteira.com.br\/imbilog\/wp-json\/wp\/v2\/product"}],"about":[{"href":"https:\/\/100fronteira.com.br\/imbilog\/wp-json\/wp\/v2\/types\/product"}],"replies":[{"embeddable":true,"href":"https:\/\/100fronteira.com.br\/imbilog\/wp-json\/wp\/v2\/comments?post=577"}],"wp:featuredmedia":[{"embeddable":true,"href":"https:\/\/100fronteira.com.br\/imbilog\/wp-json\/wp\/v2\/media\/615"}],"wp:attachment":[{"href":"https:\/\/100fronteira.com.br\/imbilog\/wp-json\/wp\/v2\/media?parent=577"}],"wp:term":[{"taxonomy":"product_brand","embeddable":true,"href":"https:\/\/100fronteira.com.br\/imbilog\/wp-json\/wp\/v2\/product_brand?post=577"},{"taxonomy":"product_cat","embeddable":true,"href":"https:\/\/100fronteira.com.br\/imbilog\/wp-json\/wp\/v2\/product_cat?post=577"},{"taxonomy":"product_tag","embeddable":true,"href":"https:\/\/100fronteira.com.br\/imbilog\/wp-json\/wp\/v2\/product_tag?post=577"}],"curies":[{"name":"wp","href":"https:\/\/api.w.org\/{rel}","templated":true}]}}