{"id":595,"date":"2022-11-22T18:27:42","date_gmt":"2022-11-22T18:27:42","guid":{"rendered":"https:\/\/100fronteira.com.br\/imbilog\/?post_type=product&#038;p=595"},"modified":"2022-11-22T18:28:43","modified_gmt":"2022-11-22T18:28:43","slug":"isca-de-carga-retornavel","status":"publish","type":"product","link":"https:\/\/100fronteira.com.br\/imbilog\/produto\/isca-de-carga-retornavel\/","title":{"rendered":"Isca de Carga Retorn\u00e1vel"},"content":{"rendered":"<p><img loading=\"lazy\" decoding=\"async\" class=\"aligncenter size-full wp-image-635\" src=\"https:\/\/100fronteira.com.br\/fetramig\/wp-content\/uploads\/2022\/11\/isca-de-carga-retornavel.png\" alt=\"\" width=\"1080\" height=\"2019\" \/><\/p>\n","protected":false},"excerpt":{"rendered":"<p>Isca de carga recarreg\u00e1vel ou retorn\u00e1vel \u00e9 um dispositivo com alta tecnologia, desenvolvido para atender qualquer risco, te possibilita o carregamento da bateria para qualquer tipo de opera\u00e7\u00e3o, a solu\u00e7\u00e3o perfeita para a recupera\u00e7\u00e3o da sua carga!<\/p>\n<p>O\u00a0<strong>Ravex Isca<\/strong> \u00e9 uma solu\u00e7\u00e3o completa, desenvolvida para o rastreamento e recupera\u00e7\u00f5es de cargas. Disponibiliza ao usu\u00e1rio a possibilidade de monitorar seu bem \u2013 atrav\u00e9s da tecnologia GPRS e RF.<\/p>\n","protected":false},"featured_media":649,"comment_status":"open","ping_status":"closed","template":"","meta":{"_eb_attr":"","_uag_custom_page_level_css":"","site-sidebar-layout":"default","site-content-layout":"default","ast-global-header-display":"","ast-main-header-display":"","ast-hfb-above-header-display":"","ast-hfb-below-header-display":"","ast-hfb-mobile-header-display":"","site-post-title":"","ast-breadcrumbs-content":"","ast-featured-img":"","footer-sml-layout":"","theme-transparent-header-meta":"default","adv-header-id-meta":"","stick-header-meta":"","header-above-stick-meta":"","header-main-stick-meta":"","header-below-stick-meta":""},"product_brand":[],"product_cat":[19],"product_tag":[],"class_list":{"0":"post-595","1":"product","2":"type-product","3":"status-publish","4":"has-post-thumbnail","6":"product_cat-iscas-de-cargas","8":"first","9":"instock","10":"shipping-taxable","11":"purchasable","12":"product-type-simple"},"uagb_featured_image_src":{"full":["https:\/\/100fronteira.com.br\/imbilog\/wp-content\/uploads\/2022\/11\/PRODUTOS-RAVEX.png",800,800,false],"thumbnail":["https:\/\/100fronteira.com.br\/imbilog\/wp-content\/uploads\/2022\/11\/PRODUTOS-RAVEX-150x150.png",150,150,true],"medium":["https:\/\/100fronteira.com.br\/imbilog\/wp-content\/uploads\/2022\/11\/PRODUTOS-RAVEX-300x300.png",300,300,true],"medium_large":["https:\/\/100fronteira.com.br\/imbilog\/wp-content\/uploads\/2022\/11\/PRODUTOS-RAVEX-768x768.png",768,768,true],"large":["https:\/\/100fronteira.com.br\/imbilog\/wp-content\/uploads\/2022\/11\/PRODUTOS-RAVEX.png",800,800,false],"1536x1536":["https:\/\/100fronteira.com.br\/imbilog\/wp-content\/uploads\/2022\/11\/PRODUTOS-RAVEX.png",800,800,false],"2048x2048":["https:\/\/100fronteira.com.br\/imbilog\/wp-content\/uploads\/2022\/11\/PRODUTOS-RAVEX.png",800,800,false],"woocommerce_thumbnail":["https:\/\/100fronteira.com.br\/imbilog\/wp-content\/uploads\/2022\/11\/PRODUTOS-RAVEX-300x300.png",300,300,true],"woocommerce_single":["https:\/\/100fronteira.com.br\/imbilog\/wp-content\/uploads\/2022\/11\/PRODUTOS-RAVEX.png",800,800,false],"woocommerce_gallery_thumbnail":["https:\/\/100fronteira.com.br\/imbilog\/wp-content\/uploads\/2022\/11\/PRODUTOS-RAVEX-100x100.png",100,100,true]},"uagb_author_info":{"display_name":"admin","author_link":"https:\/\/100fronteira.com.br\/imbilog\/author\/"},"uagb_comment_info":0,"uagb_excerpt":"Isca de carga recarreg\u00e1vel ou retorn\u00e1vel \u00e9 um dispositivo com alta tecnologia, desenvolvido para atender qualquer risco, te possibilita o carregamento da bateria para qualquer tipo de opera\u00e7\u00e3o, a solu\u00e7\u00e3o perfeita para a recupera\u00e7\u00e3o da sua carga! O\u00a0Ravex Isca \u00e9 uma solu\u00e7\u00e3o completa, desenvolvida para o rastreamento e recupera\u00e7\u00f5es de cargas. Disponibiliza ao usu\u00e1rio a&hellip;","jetpack_sharing_enabled":true,"_links":{"self":[{"href":"https:\/\/100fronteira.com.br\/imbilog\/wp-json\/wp\/v2\/product\/595","targetHints":{"allow":["GET"]}}],"collection":[{"href":"https:\/\/100fronteira.com.br\/imbilog\/wp-json\/wp\/v2\/product"}],"about":[{"href":"https:\/\/100fronteira.com.br\/imbilog\/wp-json\/wp\/v2\/types\/product"}],"replies":[{"embeddable":true,"href":"https:\/\/100fronteira.com.br\/imbilog\/wp-json\/wp\/v2\/comments?post=595"}],"wp:featuredmedia":[{"embeddable":true,"href":"https:\/\/100fronteira.com.br\/imbilog\/wp-json\/wp\/v2\/media\/649"}],"wp:attachment":[{"href":"https:\/\/100fronteira.com.br\/imbilog\/wp-json\/wp\/v2\/media?parent=595"}],"wp:term":[{"taxonomy":"product_brand","embeddable":true,"href":"https:\/\/100fronteira.com.br\/imbilog\/wp-json\/wp\/v2\/product_brand?post=595"},{"taxonomy":"product_cat","embeddable":true,"href":"https:\/\/100fronteira.com.br\/imbilog\/wp-json\/wp\/v2\/product_cat?post=595"},{"taxonomy":"product_tag","embeddable":true,"href":"https:\/\/100fronteira.com.br\/imbilog\/wp-json\/wp\/v2\/product_tag?post=595"}],"curies":[{"name":"wp","href":"https:\/\/api.w.org\/{rel}","templated":true}]}}